{"id":1310,"date":"2016-11-22T14:37:59","date_gmt":"2016-11-22T20:37:59","guid":{"rendered":"https:\/\/radiocristianaenlinea.com\/radiocristiana\/?page_id=1310"},"modified":"2021-03-12T14:02:25","modified_gmt":"2021-03-12T20:02:25","slug":"programacion-2","status":"publish","type":"page","link":"https:\/\/radiocristianaenlinea.com\/radiocristiana\/programacion-2\/","title":{"rendered":"Programaci\u00f3n"},"content":{"rendered":"<p><b>Te presentamos nuestra Barra Program\u00e1tica, la mejor programaci\u00f3n de contenido Cristiano en M\u00e9xico y Latino am\u00e9rica.<\/b><\/p>\n<p>Recuerda que puedes escucharnos por nuestra <a href=\"http:\/\/radiocristianaenlinea.com\">p\u00e1gina web<\/a> y tambi\u00e9n por las diferentes Apps,<\/p>\n<p><a href=\"https:\/\/tunein.com\/radio\/Radiocristianaenlinea-s247435\/\">t<strong>unein Radio,<\/strong><\/a><strong>\u00a0\u00a0<a href=\"https:\/\/www.raddios.com\/15742-radio-online-radio-cristiana-online-tultitlan-mexico\">Raddios<\/a><\/strong>, <a href=\"https:\/\/www.radio.es\/s\/radiocristiana\"><strong>Radio.es<\/strong><\/a> <a href=\"https:\/\/es.streema.com\/radios\/Radio_Cristiana_en_Linea\"><strong>Simple Radio<\/strong><\/a> y <strong><a href=\"https:\/\/onlineradiobox.com\/mx\/cristinaenlinea\">onlineradiobox<\/a><\/strong> adem\u00e1s puedes seguirnos en nuestras redes sociales, estamos en <a href=\"https:\/\/www.facebook.com\/radiocristianaenlineamexico\"><strong>facebook<\/strong><\/a>, <a href=\"https:\/\/www.instagram.com\/radiocristianaenlineamexico\/\"><strong>instagram<\/strong><\/a><\/p>\n<p><a href=\"https:\/\/radiocristianaenlinea.com\/radiocristiana\/wp-content\/uploads\/2016\/11\/BARRA-PROGRAMATICA.png\"><img loading=\"lazy\" decoding=\"async\" class=\"alignnone size-full wp-image-1326\" src=\"https:\/\/radiocristianaenlinea.com\/radiocristiana\/wp-content\/uploads\/2016\/11\/BARRA-PROGRAMATICA.png\" alt=\"barra-programatica\" width=\"651\" height=\"561\" srcset=\"https:\/\/radiocristianaenlinea.com\/radiocristiana\/wp-content\/uploads\/2016\/11\/BARRA-PROGRAMATICA.png 651w, https:\/\/radiocristianaenlinea.com\/radiocristiana\/wp-content\/uploads\/2016\/11\/BARRA-PROGRAMATICA-300x259.png 300w\" sizes=\"auto, (max-width: 651px) 100vw, 651px\" \/><\/a><\/p>\n","protected":false},"excerpt":{"rendered":"<p>Te presentamos nuestra Barra Program\u00e1tica, la mejor programaci\u00f3n de contenido Cristiano en M\u00e9xico y Latino am\u00e9rica. Recuerda que puedes escucharnos por nuestra p\u00e1gina web y tambi\u00e9n por las diferentes Apps, tunein Radio,\u00a0\u00a0Raddios, Radio.es Simple Radio y onlineradiobox adem\u00e1s puedes seguirnos en nuestras redes sociales, estamos en facebook, instagram<\/p>\n","protected":false},"author":1,"featured_media":0,"parent":0,"menu_order":0,"comment_status":"closed","ping_status":"closed","template":"","meta":{"_crdt_document":"","_monsterinsights_skip_tracking":false,"_monsterinsights_sitenote_active":false,"_monsterinsights_sitenote_note":"","_monsterinsights_sitenote_category":0,"footnotes":""},"class_list":["post-1310","page","type-page","status-publish","hentry","post"],"aioseo_notices":[],"_links":{"self":[{"href":"https:\/\/radiocristianaenlinea.com\/radiocristiana\/wp-json\/wp\/v2\/pages\/1310","targetHints":{"allow":["GET"]}}],"collection":[{"href":"https:\/\/radiocristianaenlinea.com\/radiocristiana\/wp-json\/wp\/v2\/pages"}],"about":[{"href":"https:\/\/radiocristianaenlinea.com\/radiocristiana\/wp-json\/wp\/v2\/types\/page"}],"author":[{"embeddable":true,"href":"https:\/\/radiocristianaenlinea.com\/radiocristiana\/wp-json\/wp\/v2\/users\/1"}],"replies":[{"embeddable":true,"href":"https:\/\/radiocristianaenlinea.com\/radiocristiana\/wp-json\/wp\/v2\/comments?post=1310"}],"version-history":[{"count":10,"href":"https:\/\/radiocristianaenlinea.com\/radiocristiana\/wp-json\/wp\/v2\/pages\/1310\/revisions"}],"predecessor-version":[{"id":4085,"href":"https:\/\/radiocristianaenlinea.com\/radiocristiana\/wp-json\/wp\/v2\/pages\/1310\/revisions\/4085"}],"wp:attachment":[{"href":"https:\/\/radiocristianaenlinea.com\/radiocristiana\/wp-json\/wp\/v2\/media?parent=1310"}],"curies":[{"name":"wp","href":"https:\/\/api.w.org\/{rel}","templated":true}]}}